mon factor of 55 and 5.
5
Calculate the greatest common divisor of 34398 and 3.
3
Calculate the highest common factor of 38 and 456.
38
Calculate the greatest common divisor of 119 and 2737.
119
Calculate the highest common factor of 45 and 360.
45
Calculate the greatest common divisor of 512 and 176.
16
Calculate the greatest common divisor of 36 and 7218.
18
What is the highest common factor of 38 and 931?
19
Calculate the greatest common divisor of 128 and 120.
8
What is the highest common factor of 210 and 510?
30
Calculate the greatest common divisor of 3410 and 110.
110
What is the highest common factor of 697 and 51?
17
Calculate the greatest common factor of 15 and 1401.
3
Calculate the highest common factor of 3180 and 720.
60
Calculate the greatest common factor of 536 and 8.
8
What is the highest common factor of 10 and 318?
2
Calculate the greatest common divisor of 99 and 462.
33
Calculate the greatest common factor of 3 and 411.
3
What is the greatest common factor of 34 and 2040?
34
Calculate the greatest common divisor of 94 and 6815.
47
Calculate the highest common divisor of 164 and 4.
4
Calculate the highest common divisor of 7820 and 40.
20
What is the greatest common divisor of 68 and 2992?
68
Calculate the greatest common divisor of 3592 and 8.
8
What is the highest common divisor of 904 and 6554?
226
What is the greatest common divisor of 1120 and 105?
35
What is the greatest common factor of 14 and 2366?
14
Calculate the highest common factor of 93 and 217.
31
What is the highest common factor of 24764 and 164?
164
What is the highest common factor of 252 and 448?
28
Calculate the highest common factor of 319 and 121.
11
What is the greatest common factor of 304 and 80?
16
Calculate the greatest common factor of 23 and 943.
23
What is the highest common divisor of 1 and 17?
1
Calculate the highest common divisor of 63 and 3507.
21
Calculate the greatest common factor of 16 and 164.
4
Calculate the highest common divisor of 51443 and 7.
7
What is the greatest common divisor of 684 and 76?
76
What is the highest common divisor of 2 and 42?
2
What is the greatest common factor of 12 and 60?
12
Calculate the greatest common divisor of 143 and 26.
13
Calculate the greatest common factor of 500 and 12.
4
Calculate the greatest common divisor of 1539 and 243.
81
Calculate the highest common factor of 343 and 133.
7
What is the greatest common divisor of 448 and 7?
7
Calculate the greatest common factor of 34 and 90066.
34
Calculate the highest common factor of 7 and 1687.
7
What is the highest common factor of 20786 and 38?
38
What is the highest common factor of 38 and 34?
2
Calculate the greatest common factor of 45 and 1125.
45
What is the highest common divisor of 364 and 252?
28
Calculate the highest common factor of 689 and 106.
53
What is the greatest common factor of 21 and 6279?
21
Calculate the highest common divisor of 31328 and 178.
178
Calculate the greatest common divisor of 1859 and 13.
13
Calculate the highest common divisor of 500 and 400.
100
What is the highest common divisor of 253 and 23?
23
Calculate the highest common factor of 6 and 10.
2
What is the greatest common factor of 721 and 206?
103
What is the highest common factor of 12 and 3228?
12
Calculate the highest common divisor of 1674 and 961.
31
What is the greatest common factor of 204 and 39032?
68
What is the highest common factor of 1159 and 3355?
61
What is the greatest common factor of 172 and 8?
4
What is the greatest common factor of 671 and 244?
61
Calculate the highest common factor of 833 and 34.
17
Calculate the greatest common divisor of 39 and 9347.
13
Calculate the greatest common divisor of 162 and 72.
18
Calculate the greatest common factor of 84 and 24.
12
What is the greatest common divisor of 4841 and 515?
103
What is the greatest common divisor of 136 and 187?
17
What is the highest common divisor of 880 and 3410?
110
Calculate the highest common divisor of 45 and 25.
5
What is the highest common factor of 9233 and 7?
7
Calculate the greatest common factor of 87 and 1479.
87
What is the greatest common factor of 3 and 10551?
3
Calculate the highest common divisor of 603 and 45.
9
What is the greatest common factor of 312 and 39?
39
What is the highest common factor of 371 and 477?
53
Calculate the greatest common factor of 154 and 15169.
77
What is the greatest common divisor of 784 and 49?
49
What is the greatest common factor of 46 and 46?
46
Calculate the highest common factor of 1045 and 627.
209
What is the greatest common factor of 2120 and 12932?
212
Calculate the greatest common divisor of 33280 and 65.
65
Calculate the highest common divisor of 24 and 5600.
8
Calculate the greatest common factor of 1088 and 204.
68
Calculate the highest common divisor of 10021 and 11.
11
Calculate the greatest common divisor of 27702 and 9.
9
What is the greatest common divisor of 3456 and 88?
8
Calculate the greatest common factor of 1416 and 59.
59
What is the greatest common divisor of 4096 and 16?
16
Calculate the greatest common divisor of 574 and 14.
14
What is the highest common divisor of 644 and 28?
28
Calculate the greatest common divisor of 17088 and 192.
192
What is the highest common factor of 471 and 3?
3
What is the highest common factor of 34 and 493?
17
Calculate the highest common divisor of 96 and 1200.
48
What is the highest common divisor of 57 and 2337?
57
Calculate the greatest common divisor of 4858 and 42.
14
What is the highest common divisor of 85 and 25500?
85
Calculate the greatest common factor of 9680 and 80.
80
Calculate the highest common factor of 16 and 688.
16
What is the greatest common divisor of 36481 and 191?
191
Calculate the greatest common factor of 7716 and 12.
12
What is the highest common divisor of 6 and 5622?
6
What is the greatest common divisor of 40 and 4216?
8
Calculate the highest common factor of 432 and 64.
16
Calculate the highest common divisor of 432 and 81.
27
Calculate the highest common factor of 27 and 1.
1
Calculate the greatest common factor of 300 and 9060.
60
Calculate the highest common divisor of 39 and 40144.
13
What is the highest common factor of 3828 and 232?
116
What is the greatest common divisor of 50 and 450?
50
Calculate the highest common factor of 951 and 18.
3
Calculate the greatest common divisor of 12 and 294.
6
What is the greatest common factor of 2 and 17?
1
Calculate the highest common factor of 2232 and 216.
72
Calculate the greatest common divisor of 135 and 7200.
45
What is the highest common divisor of 15656 and 8?
8
What is the highest common divisor of 7685 and 145?
145
What is the greatest common divisor of 48 and 1168?
16
Calculate the highest common divisor of 42 and 56.
14
Calculate the greatest common divisor of 148 and 19795.
37
Calculate the highest common factor of 336 and 2800.
112
What is the greatest common divisor of 20 and 2055?
5
What is the greatest common divisor of 352 and 32?
32
Calculate the greatest common divisor of 15 and 1915.
5
What is the highest common factor of 15 and 375?
15
Calculate the highest common factor of 8 and 7272.
8
What is the highest common divisor of 6201 and 234?
117
What is the highest common divisor of 2 and 74?
2
Calculate the greatest common divisor of 436 and 8.
4
What is the highest common factor of 315 and 360?
45
What is the greatest common factor of 116 and 54?
2
Calculate the highest common factor of 97 and 15229.
97
What is the highest common factor of 4 and 23?
1
What is the greatest common factor of 150 and 18?
6
Calculate the highest common divisor of 36 and 1326.
6
What is the highest common factor of 850 and 350?
50
What is the highest common factor of 142 and 22?
2
Calculate the greatest common factor of 112 and 368.
16
Calculate the highest common factor of 18875 and 50.
25
What is the highest common factor of 88 and 209?
11
Calculate the highest common factor of 1260 and 2340.
180
Calculate the greatest common divisor of 615 and 123.
123
What is the greatest common divisor of 527 and 93?
31
Calculate the greatest common factor of 57 and 152.
19
Calculate the greatest common factor of 148 and 1739.
37
Calculate the highest common divisor of 50 and 2.
2
What is the highest common d